ate the remainder when 13000314 is divided by 1671.
1605
What is the remainder when 1527670 is divided by 1185?
205
Calculate the remainder when 957389 is divided by 7253.
7246
Calculate the remainder when 10386 is divided by 4860.
666
What is the remainder when 98667 is divided by 187?
118
Calculate the remainder when 10972 is divided by 3484.
520
What is the remainder when 3858603 is divided by 2016?
1995
What is the remainder when 21586838 is divided by 1094?
30
Calculate the remainder when 74964 is divided by 76.
28
What is the remainder when 1240487 is divided by 36?
35
Calculate the remainder when 5532765 is divided by 17.
13
What is the remainder when 168481 is divided by 13963?
925
What is the remainder when 10025269 is divided by 611?
592
What is the remainder when 710727 is divided by 71050?
227
What is the remainder when 2390316 is divided by 7589?
7370
Calculate the remainder when 282634 is divided by 359.
101
Calculate the remainder when 1641667 is divided by 58.
35
Calculate the remainder when 280721 is divided by 5540.
3721
Calculate the remainder when 205327 is divided by 66406.
6109
Calculate the remainder when 2850127 is divided by 10439.
280
Calculate the remainder when 24280077 is divided by 292531.
4
Calculate the remainder when 177118 is divided by 15778.
3560
Calculate the remainder when 1462572 is divided by 880.
12
What is the remainder when 13909871 is divided by 35?
31
What is the remainder when 35222127 is divided by 1530?
1527
Calculate the remainder when 2916373 is divided by 545.
78
What is the remainder when 694081 is divided by 5340?
5221
Calculate the remainder when 2587074 is divided by 1190.
14
Calculate the remainder when 297469 is divided by 14873.
9
Calculate the remainder when 102276 is divided by 2.
0
What is the remainder when 313331 is divided by 633?
629
Calculate the remainder when 232318 is divided by 628.
586
What is the remainder when 177411 is divided by 106?
73
What is the remainder when 224891 is divided by 4887?
89
What is the remainder when 37786 is divided by 500?
286
Calculate the remainder when 13607387 is divided by 577.
573
What is the remainder when 125807 is divided by 904?
151
Calculate the remainder when 125190 is divided by 6935.
360
What is the remainder when 4008029 is divided by 215?
214
What is the remainder when 548250 is divided by 6874?
5204
Calculate the remainder when 1062696 is divided by 130.
76
What is the remainder when 5070847 is divided by 21?
19
Calculate the remainder when 2710516 is divided by 260.
16
What is the remainder when 138831 is divided by 5227?
2929
What is the remainder when 1011463 is divided by 59481?
286
Calculate the remainder when 208938510 is divided by 367203.
3
What is the remainder when 2585761 is divided by 10728?
313
Calculate the remainder when 152634191 is divided by 42.
17
Calculate the remainder when 55981971 is divided by 123.
120
What is the remainder when 338248 is divided by 48308?
92
What is the remainder when 180612 is divided by 1557?
0
What is the remainder when 425472 is divided by 25027?
13
Calculate the remainder when 11540241 is divided by 1351.
1350
What is the remainder when 676922 is divided by 7686?
554
What is the remainder when 10125230 is divided by 73?
57
Calculate the remainder when 863029 is divided by 7775.
4
Calculate the remainder when 18243 is divided by 782.
257
Calculate the remainder when 4735609 is divided by 937.
11
What is the remainder when 177231754 is divided by 923082?
10
Calculate the remainder when 10424 is divided by 4794.
836
Calculate the remainder when 2354663 is divided by 27379.
69
What is the remainder when 15336059 is divided by 20?
19
What is the remainder when 79437 is divided by 1261?
1255
What is the remainder when 89521427 is divided by 9959?
9935
Calculate the remainder when 1716556 is divided by 59.
10
Calculate the remainder when 272597 is divided by 2181.
2153
Calculate the remainder when 555040 is divided by 108743.
11325
What is the remainder when 2904541 is divided by 661?
107
What is the remainder when 1092194 is divided by 72809?
59
What is the remainder when 313565028 is divided by 279?
276
Calculate the remainder when 13153541 is divided by 2192256.
5
What is the remainder when 8717 is divided by 1920?
1037
What is the remainder when 245449351 is divided by 8?
7
What is the remainder when 8466292 is divided by 828?
820
What is the remainder when 1503390 is divided by 257?
197
What is the remainder when 1115989 is divided by 106?
21
Calculate the remainder when 197913527 is divided by 41.
8
What is the remainder when 9794308 is divided by 115?
103
What is the remainder when 5557288 is divided by 467?
455
Calculate the remainder when 165109 is divided by 851.
15
Calculate the remainder when 19869796 is divided by 286.
232
What is the remainder when 16799658 is divided by 8?
2
Calculate the remainder when 24803009 is divided by 2969.
2952
Calculate the remainder when 145612 is divided by 331.
303
What is the remainder when 656350 is divided by 8?
6
What is the remainder when 30599 is divided by 4163?
1458
Calculate the remainder when 2163334 is divided by 432449.
1089
What is the remainder when 33366 is divided by 32034?
1332
What is the remainder when 124605 is divided by 62249?
107
What is the remainder when 6223931 is divided by 691546?
17
What is the remainder when 3503353 is divided by 368?
361
What is the remainder when 22814818 is divided by 315?
313
Calculate the remainder when 1500030 is divided by 13158.
18
Calculate the remainder when 4977142 is divided by 512.
502
Calculate the remainder when 4498887 is divided by 222.
57
Calculate the remainder when 54151 is divided by 563.
103
Calculate the remainder when 41043238 is divided by 533028.
82
What is the remainder when 421139 is divided by 296?
227
What is the remainder when 21895 is divided by 10867?
161
Calculate the remainder when 666870 is divided by 332.
214
Calculate the remainder when 37761208 is divided by 5.
3
Calculate the remainder when 4562897 is divided by 1551.
1406
Calculate the remainder when 15596061 is divided by 7128.
7125
What is the remainder when 347145464 is divided by 8025?
14
Calculate the remainder when 704020 is divided by 33.
31
What is the remainder when 629055 is divided by 188?
7
What is the remainder when 9822389 is divided by 8?
5
What is the remainder when 2865879 is divided by 31150?
79
What is the remainder when 709155 is divided by 26265?
0
What is the remainder when 31036529 is divided by 5?
4
Calculate the remainder when 1239818 is divided by 1839.
332
Calculate the remainder when 4852763 is divided by 139.
134
Calculate the remainder when 43608077 is divided by 8721615.
2
Calculate the remainder when 416760 is divided by 9231.
1365
What is the remainder when 896331 is divided by 111985?
451
What is the remainder when 3556827 is divided by 1185079?
1590
Calculate the remainder when 552454 is divided by 2741.
1513
Calculate the remainder when 9462 is divided by 2610.
1632
Calculate the remainder when 131228494 is divided by 211.
209
Calculate the remainder when 289332 is divided by 20660.
92
What is the remainder when 47595398 is divided by 3417?
5
Calculate the remainder when 36429 is divided by 608.
557
Calculate the remainder when 200634 is divided by 16.
10
What is the remainder when 807355 is divided by 23745?
25
Calculate the remainder when 6209371 is divided by 71372.
7
What is the remainder when 1873198 is divided by 137?
134
What is the remainder when 9043666 is divided by 162?
16
What is the remainder when 52900 is divided by 26416?
68
What is the remainder when 1506557 is divided by 40?
37
Calculate the remainder when 552479 is divided by 110462.
169
Calculate the remainder when 2693809 is divided by 100.
9
Calculate the remainder when 290587 is divided by 128.
27
Calculate the remainder when 7472551 is divided by 478.
455
What is the remainder when 880781 is divided by 14979?
11999
What is the remainder when 784245 is divided by 29046?
3
What is the remainder when 4439217 is divided by 13493?
20
What is the remainder when 324541 is divided by 1843?
173
Calculate the remainder when 1546532 is divided by 175.
57
What is the remainder when 264529 is divided by 38?
11
Wh